What are the prime factors of (-199)/(3 - x) + -2?
197
Suppose -6*p = -9*p + 6, 3*h - 17 = -p. Let v(r) = -r + 32. List the prime factors of v(h).
3
Let u(y) = 14*y**2 - 2*y - 3. Let v be u(3). Suppose -5*g + 4*o = -v, 2*g - 57 = 2*o + 3*o. What are the prime factors of 6/g - 383/(-7)?
5, 11
Let l(q) = -q - 15. Let h be l(-20). Suppose -13 = h*m - 88. List the prime factors of m.
3, 5
Suppose -4*f + 7492 = 3*s - 3*f, -3*s - 4*f = -7495. What are the prime factors of s?
11, 227
Let z(s) = 1413*s**2 + 4*s. List the prime factors of z(1).
13, 109
Let m = 742 + 394. List the prime factors of m.
2, 71
Let g be (2 - 2)*2/(-4). Suppose g = -5*q + 3*o - o + 748, 5 = 5*o. List the prime factors of q.
2, 3, 5
Suppose 10475 = 4*d + k + 3671, 0 = -3*k. List the prime factors of d.
3, 7
Let a(f) = 2*f**2 + 8*f + 10. Let r(i) = i**2 - 1. Let g(d) = a(d) + 3*r(d). List the prime factors of g(-5).
2, 23
List the prime factors of 8/(-24) - (-8607)/9.
2, 239
Suppose u = -14 - 69. Let c = u + 139. List the prime factors of c.
2, 7
Let c = 12 + 14. Let q = 42 + -9. Let w = q - c. List the prime factors of w.
7
Let h = 8558 - 5087. List the prime factors of h.
3, 13, 89
List the prime factors of (-14 - -7) + -3 + 3436 + -3.
3, 7, 163
Let p = 5119 + -3559. What are the prime factors of p?
2, 3, 5, 13
Let p(y) = -11*y - 2. Let a be p(-2). Let l = a - -56. What are the prime factors of l?
2, 19
Let b(t) be the third derivative of -t**5/60 - 3*t**4/4 + t**3/6 + 20*t**2. What are the prime factors of b(-14)?
3, 19
Suppose 0*b + 4*c - 574 = -2*b, c + 1130 = 4*b. List the prime factors of b.
283
Suppose 21 + 363 = 8*t. Let f = t - 45. List the prime factors of f.
3
Let p = -96 - -326. List the prime factors of p.
2, 5, 23
Suppose -15*t - 231 = -4*t. What are the prime factors of 70/(((-10)/35)/(9/t))?
3, 5, 7
Suppose 3*z = 1695 + 1683. List the prime factors of z.
2, 563
Let r = 11518 + -7942. What are the prime factors of r?
2, 3, 149
Suppose 0 = -6*q + q + 2*s + 3071, 4*s - 1214 = -2*q. What are the prime factors of q?
613
Let l(k) = 98*k**2 + 3*k + 3. List the prime factors of l(3).
2, 3, 149
Suppose 0*i + 5*i = 100. Let g be 88/i - (-4)/(-10). Suppose -3*w = -g*w + 9. List the prime factors of w.
3
Let f be (-2)/(-5) + 10/(-25). Suppose f = 3*n + 33 - 210. What are the prime factors of n?
59
Let h(o) = 147*o - 3. Let m(j) = -j. Let g(x) = -h(x) - 6*m(x). List the prime factors of g(-1).
2, 3
Let z be (244/5)/(12/30). Suppose -2*k - 3*q = -z, -2*k = 3*q - 2*q - 126. List the prime factors of k.
2
Suppose l - 4*y - 25 = 0, 5*l - 29 = 2*y - 6*y. Suppose 0 = 10*z - l*z - 71. Let a = -15 + z. List the prime factors of a.
2, 7
Let u(p) = -p**2 + 14*p - 8. Let v be u(13). Let h(i) = 2*i - 5. Let o be h(v). Let f = 7 - o. List the prime factors of f.
2
Let j(s) = -s**3 - s**2 + 5*s + 3. Let v be j(-3). Let u(x) = 32*x - 8. List the prime factors of u(v).
2, 23
Let h = -881 + 1529. What are the prime factors of h?
2, 3
Let y = 3488 - 1572. List the prime factors of y.
2, 479
Suppose -4*t + 24 + 24 = 0. Let g = t + -8. List the prime factors of 2*6/g - -18.
3, 7
Let k(w) = -63*w + 106. List the prime factors of k(-8).
2, 5, 61
Let l = -11 - -13. Let u(v) = 19*v + 2. List the prime factors of u(l).
2, 5
Suppose 3*u + 15 = 0, 2*m - 1407 = -4*u + 45. List the prime factors of m.
2, 23
Let z(n) = 264*n**3 - 4*n**2 + 7*n + 1. List the prime factors of z(2).
2111
Let s = -946 + 2799. List the prime factors of s.
17, 109
Let z = 82 - 140. Let w be 3*z/18*-3. Let f = w + -19. List the prime factors of f.
2, 5
Let y be (5 - 2) + (133 - -1). What are the prime factors of y/7 + (-12)/21?
19
Let x(q) = 5*q**2 + 16*q - 10. Let o(g) = -14*g**2 - 47*g + 29. Let i(k) = -6*o(k) - 17*x(k). Suppose -4*t + 10 = -2*t. What are the prime factors of i(t)?
3, 7
Let a(v) = v**3 - 6*v**2 - 1. Let r be a(6). Let n(w) be the third derivative of -3*w**6/10 - 11*w**2. List the prime factors of n(r).
2, 3
Let s be (-18)/12*8/6. Let l be (-12)/s*168/16. Let x = l + -45. List the prime factors of x.
2, 3
Let r = -262 - 16. Let m = r + 391. List the prime factors of m.
113
Let c(y) = -22*y**3 + y**2 + 5*y + 4. Let h be c(-4). What are the prime factors of h/40 - (-4)/5?
2, 3
Suppose -4*s = 7*s. Suppose 3*j - 5*u - 403 = s, 0 = -j + 5*u - 2*u + 141. List the prime factors of j.
2, 3, 7
Suppose -55 = -5*s + 4*f, 101 = 2*f + 91. Let b(a) = -a**2 - 2*a + 3. Let x be b(2). What are the prime factors of -4 + (s - (x + 1))?
3, 5
Suppose 0 = -4*c - t + 14 + 9, 4*c + 3*t = 21. What are the prime factors of 186*((-9)/c + 2)?
3, 31
Let t be ((-11)/2 - 0)*10. What are the prime factors of 10/t - 136/(-22)?
2, 3
Let d = 11124 - 5384. List the prime factors of d.
2, 5, 7, 41
Let q be 54*9/(135/40). Suppose 0 = -4*b - f + 7 + 190, 0 = -3*b - 2*f + q. What are the prime factors of b?
2, 5
Suppose -5*l = 5*u - 1185, 3*u - 5*u = -4*l - 504. What are the prime factors of u?
2, 11
Let b = -176 - -91. Let y = b + 162. Suppose 0 = 3*k - y + 17. What are the prime factors of k?
2, 5
Let b(q) = -25*q**2 + 3*q - 2. Let i be b(1). List the prime factors of (15/(-10))/(1/i).
2, 3
Suppose 3*u = 4*z - 291, 7*z - 3*z - 12 = 0. Let n be (1 - (-1 - u)) + 1. What are the prime factors of (-4)/(-4 - 355/n)?
2, 3
Let r = -6 - -19. Suppose 0 = 8*u - r*u + 260. What are the prime factors of u?
2, 13
Suppose 9*g - 14*g + 10045 = 4*n, -5*g = 2*n - 10035. What are the prime factors of g?
5, 401
Let g(t) = -t**3 + 3*t**2 + 3. Let i(c) = 10*c**3 - 26*c**2 - 26. Let k(p) = 52*g(p) + 6*i(p). List the prime factors of k(2).
2
Let a(z) = z**2 + 11*z**2 + 2 - 6. What are the prime factors of a(2)?
2, 11
Suppose 21*i + 14856 = 33*i. List the prime factors of i.
2, 619
Suppose 4*w + 68 = -4*t, -2*t = -6*w + w - 1. List the prime factors of t + 7 + 10*5.
3, 5
Let v(r) = 41*r**2 + 0*r + 1 + 0 - 3 - 2*r. Let f be (-76)/114 - (-1 - 4/(-3)). List the prime factors of v(f).
41
Let w be 0 + (-1 + 18 - 2). Suppose 3*p = 3*a - 2*a + 10, -2*a + 5*p = w. Suppose -3*s + 70 = -a. What are the prime factors of s?
5
List the prime factors of (675/(-1))/(23/(-69)).
3, 5
List the prime factors of (0/(-8) - 3) + 287*1.
2, 71
Let k(f) = f**3 + 75*f**2 - 146*f + 12. List the prime factors of k(-76).
2, 31, 43
Let i(l) = 2*l**2 + 17*l - 11. What are the prime factors of i(12)?
13, 37
Let r(b) = -17*b + 3. Let h be r(-5). Suppose 20 = 15*f - 40. Suppose 3*z + 4 - 70 = -2*t, -f*z - 3*t = -h. List the prime factors of z.
2, 11
Let p be 0/(-1) + 4 + -1. Suppose -v = p*v - 192. List the prime factors of v.
2, 3
Let u(m) = 0 - 43*m**3 + 2*m**2 - 3*m**2 + 1 + m. Let t be u(-1). Suppose -3*z + 0*z = -t. What are the prime factors of z?
2, 7
Let s(u) = 54*u. Let h be s(1). Suppose -16 = -2*r + h. Suppose 3*n = -5*t + 110 + r, t - 5*n = 29. What are the prime factors of t?
29
Suppose -5*i + 618 = -2*k + 2874, -i = -3*k + 3410. What are the prime factors of k?
2, 569
Let v(m) = 42*m**3 + 3*m - 2. Let d be v(1). Suppose 237 = 2*b - d. What are the prime factors of b?
2, 5, 7
Let s be (-2)/(-1) - (8/(-4) - -142). Let y = s - -238. What are the prime factors of y?
2, 5
Let z be (-2 - 2) + 30/3. Suppose -z*r + 2*r = -180. Suppose 2*u = u + r. What are the prime factors of u?
3, 5
Suppose 0 = 5*j + 5*f + 55, -2*j + 5*f = -4*j - 31. Let z be (-7)/(-28) - 30/j. Suppose 0 = -2*q, -2*q = -0*i + z*i - 152. What are the prime factors of i?
2, 19
Let v = -14 + 23. Let r = v + -6. List the prime factors of r.
3
Let k = -7 - -5. Let c be (k/6)/((-1)/12). Suppose 6 + 2 = -2*l, -2*m - c*l = 8. List the prime factors of m.
2
Let b(a) = a. Let t(x) = 12*x - 6. Let q(d) = 10*b(d) - t(d). Let r be q(-7). What are the prime factors of (r/(-8))/((-1)/22)?
5, 11
Let y = 353 + 114. What are the prime factors of y?
467
Let s(x) = -x**2 - 3*x + 529. List the prime factors of s(0).
23
Let z = -2 + 7. Suppose 0 = z*x - 279 - 106. What are the prime factors of x?
7, 11
Let z(y) = 3*y + 20. Let u be z(22). Let r = u - 60. List the prime factors of r.
2, 13
Suppose 5*u + 108 - 273 = 0. Suppose -u = -2*x + 225. List the prime factors of x.
3, 43
Suppose -11 = 4*h - 87. Let n = h + -25. List the prime factors of ((-9)/n)/((-15)/(-40)).
2
Let i be (-3)/2*320/(-15). Let u be 1 + (17 - (-4)/(-2)). Let z = i - u. What ar